t is the remainder when 85623 is divided by 446?
437
Calculate the remainder when 28590 is divided by 14.
2
Calculate the remainder when 35958 is divided by 734.
726
What is the remainder when 1841 is divided by 257?
42
What is the remainder when 487 is divided by 16?
7
What is the remainder when 109809 is divided by 36598?
15
What is the remainder when 26204 is divided by 65?
9
Calculate the remainder when 4731 is divided by 93.
81
What is the remainder when 437172 is divided by 45?
42
What is the remainder when 30211 is divided by 82?
35
What is the remainder when 10887 is divided by 146?
83
What is the remainder when 1243351 is divided by 12?
7
What is the remainder when 4014 is divided by 72?
54
Calculate the remainder when 243992 is divided by 63.
56
Calculate the remainder when 255251 is divided by 102.
47
What is the remainder when 26679 is divided by 40?
39
What is the remainder when 41674 is divided by 41658?
16
What is the remainder when 10091 is divided by 43?
29
Calculate the remainder when 81050 is divided by 39.
8
What is the remainder when 2107 is divided by 799?
509
Calculate the remainder when 4458 is divided by 2224.
10
Calculate the remainder when 6977 is divided by 64.
1
Calculate the remainder when 107429 is divided by 607.
597
Calculate the remainder when 4259 is divided by 323.
60
What is the remainder when 89098 is divided by 106?
58
Calculate the remainder when 29733 is divided by 418.
55
What is the remainder when 4173 is divided by 1024?
77
What is the remainder when 50219 is divided by 2413?
1959
Calculate the remainder when 13358 is divided by 257.
251
What is the remainder when 19921 is divided by 28?
13
Calculate the remainder when 37052 is divided by 7377.
167
What is the remainder when 10018 is divided by 1001?
8
Calculate the remainder when 1214 is divided by 19.
17
Calculate the remainder when 10504 is divided by 5249.
6
What is the remainder when 720772 is divided by 427?
423
Calculate the remainder when 629804 is divided by 14995.
14
Calculate the remainder when 136 is divided by 34.
0
Calculate the remainder when 104906 is divided by 14985.
11
What is the remainder when 217214 is divided by 108598?
18
Calculate the remainder when 6537 is divided by 3245.
47
What is the remainder when 6423 is divided by 3207?
9
Calculate the remainder when 652950 is divided by 37.
11
Calculate the remainder when 1387 is divided by 105.
22
What is the remainder when 15464 is divided by 3092?
4
Calculate the remainder when 254819 is divided by 129.
44
Calculate the remainder when 560096 is divided by 9.
8
Calculate the remainder when 220111 is divided by 244.
23
What is the remainder when 3176 is divided by 1788?
1388
What is the remainder when 537545 is divided by 179181?
2
Calculate the remainder when 84689 is divided by 17.
12
Calculate the remainder when 311999 is divided by 40.
39
Calculate the remainder when 795487 is divided by 189.
175
Calculate the remainder when 3759 is divided by 342.
339
What is the remainder when 1338 is divided by 22?
18
What is the remainder when 7163 is divided by 956?
471
Calculate the remainder when 56516 is divided by 18833.
17
Calculate the remainder when 25851 is divided by 551.
505
Calculate the remainder when 142575 is divided by 221.
30
What is the remainder when 68103 is divided by 532?
7
Calculate the remainder when 59455 is divided by 347.
118
Calculate the remainder when 294331 is divided by 292.
287
Calculate the remainder when 75347 is divided by 879.
632
Calculate the remainder when 5043 is divided by 2506.
31
Calculate the remainder when 86403 is divided by 580.
563
Calculate the remainder when 34179 is divided by 41.
26
What is the remainder when 17318 is divided by 796?
602
Calculate the remainder when 8263 is divided by 558.
451
Calculate the remainder when 60097 is divided by 22.
15
Calculate the remainder when 5842 is divided by 56.
18
Calculate the remainder when 5153 is divided by 649.
610
Calculate the remainder when 3150 is divided by 3.
0
What is the remainder when 161135 is divided by 926?
11
What is the remainder when 1617 is divided by 327?
309
What is the remainder when 1463 is divided by 275?
88
What is the remainder when 7082 is divided by 719?
611
Calculate the remainder when 103266 is divided by 10.
6
What is the remainder when 11177 is divided by 1238?
35
What is the remainder when 454875 is divided by 5169?
3
What is the remainder when 407 is divided by 23?
16
What is the remainder when 83398 is divided by 27775?
73
What is the remainder when 2626 is divided by 2414?
212
What is the remainder when 102513 is divided by 11389?
12
What is the remainder when 2385 is divided by 787?
24
What is the remainder when 13783 is divided by 429?
55
What is the remainder when 42996 is divided by 2046?
30
Calculate the remainder when 704 is divided by 189.
137
What is the remainder when 401 is divided by 120?
41
Calculate the remainder when 194840 is divided by 32.
24
Calculate the remainder when 173428 is divided by 94.
92
Calculate the remainder when 12671 is divided by 128.
127
Calculate the remainder when 189246 is divided by 71.
31
What is the remainder when 61633 is divided by 72?
1
What is the remainder when 6911 is divided by 450?
161
What is the remainder when 39200 is divided by 26?
18
Calculate the remainder when 4449 is divided by 24.
9
What is the remainder when 3362 is divided by 690?
602
What is the remainder when 5229 is divided by 1067?
961
Calculate the remainder when 150820 is divided by 35.
5
Calculate the remainder when 2940 is divided by 38.
14
What is the remainder when 6334 is divided by 181?
180
Calculate the remainder when 41334 is divided by 51.
24
What is the remainder when 167204 is divided by 157?
156
Calculate the remainder when 1223 is divided by 286.
79
Calculate the remainder when 3209 is divided by 54.
23
Calculate the remainder when 122055 is divided by 13561.
6
Calculate the remainder when 30637 is divided by 74.
1
Calculate the remainder when 16169 is divided by 539.
538
What is the remainder when 150350 is divided by 280?
270
Calculate the remainder when 2484584 is divided by 371.
368
Calculate the remainder when 4107 is divided by 39.
12
What is the remainder when 577716 is divided by 25?
16
What is the remainder when 986 is divided by 158?
38
Calculate the remainder when 46488 is divided by 35.
8
Calculate the remainder when 3410 is divided by 331.
100
What is the remainder when 78 is divided by 22?
12
Calculate the remainder when 226728 is divided by 603.
0
Calculate the remainder when 143711 is divided by 137.
135
Calculate the remainder when 23869 is divided by 11926.
17
Calculate the remainder when 21673 is divided by 2709.
1
Calculate the remainder when 1084 is divided by 35.
34
Calculate the remainder when 436 is divided by 152.
132
What is the remainder when 74039 is divided by 171?
167
What is the remainder when 3376 is divided by 738?
424
What is the remainder when 41531 is divided by 24?
11
What is the remainder when 42945 is divided by 289?
173
What is the remainder when 16505 is divided by 26?
21
Calculate the remainder when 8025 is divided by 45.
15
Calculate the remainder when 60411 is divided by 114.
105
Calculate the remainder when 302148 is divided by 3284.
20
Calculate the remainder when 8095 is divided by 47.
11
Calculate the remainder when 23779 is divided by 11882.
15
What is the remainder when 2723039 is divided by 178?
173
Calculate the remainder when 8615 is divided by 1435.
5
Calculate the remainder when 1993 is divided by 996.
1
Calculate the remainder when 53308 is divided by 15.
13
What is the remainder when 32046 is divided by 73?
72
What is the remainder when 76329 is divided by 38131?
67
What is the remainder when 2448515 is divided by 3?
2
What is the remainder when 6968 is divided by 51?
32
What is the remainder when 890792 is divided by 33?
23
What is the remainder when 4025 is divided by 503?
1
Calculate the remainder when 80409 is divided by 3.
0
What is the remainder when 11567 is divided by 3?
2
What is the remainder when 11736 is divided by 17?
6
What is the remainder when 56686 is divided by 75?
61
What is the remainder when 9410 is divided by 459?
230
What is the remainder when 14169 is d